).
-2
Let h(r) = 2*r**3 - r**2 + 2*r - 1. Let k(o) = o + 7. Let j be k(-6). What is h(j)?
2
Suppose 25*b - 19*b = 36. Let c(x) = x**2 - 8*x + 3. Give c(b).
-9
Let y(a) = -a - 8. Let w = 2 - 7. Let i(k) = -k - 8. Let j(b) = w*i(b) + 4*y(b). What is j(-5)?
3
Suppose -v = 4*c - 27, c = -2*c + 12. Suppose 5*a - v - 4 = 0. Let n(b) = b**2 + 0*b**2 + 4 + 0*b - 5*b. Calculate n(a).
-2
Let b(p) be the second derivative of p**4/3 - 3*p. What is b(-2)?
16
Suppose 0 = -3*u + 5*p - 10, 2*u + 0 = 5*p - 10. Let n(m) = -4 + u*m + m + 5*m - 5*m. Let g(k) = k**2 - k. Let i be g(-1). Calculate n(i).
-2
Let u = 76 - 74. Let w(a) = a**2 + 5*a - 4. Let k(v) = v**2 + 4*v - 3. Let q(z) = 4*k(z) - 3*w(z). Calculate q(u).
6
Let a(f) be the third derivative of 0*f - 1/6*f**3 + 6*f**2 + 0 - 1/24*f**4. Let v(k) = 6*k**2. Let o be v(-1). What is a(o)?
-7
Let f be 2 + -2 - 3 - 3. Let v(r) = -r**3 - 7*r**2 - 6*r + 7. Give v(f).
7
Let c(o) = -2*o**2 + 2 - 17*o + o**2 + 14*o. What is c(-5)?
-8
Let u(y) be the second derivative of -7/12*y**4 + 0*y**2 - 1/20*y**5 - 5/6*y**3 + 0 - y. What is u(-6)?
-6
Let n(f) = -2*f + 8. Let i be n(6). Suppose 3*k - 5*k = z - 1, 0 = 4*k + 4. Let q(r) = -r + 0*r - z - 1. What is q(i)?
0
Let g(o) = o**3 + 4*o**2 - 9*o + 13. Let q be g(-6). Let d(a) = a**2 + 4*a - 7. What is d(q)?
-2
Let m(q) = -2*q**2 - 8*q - 7. Let r(v) = -2*v**2 - 7*v - 6. Let p(j) = 5*m(j) - 6*r(j). Let s be p(-1). Let t(l) = 0 + 0 + 22*l - s - 21*l. Give t(1).
0
Let q(y) = 7*y + 4. Let r(d) = 20*d + 11. Let x = 22 + -5. Let p(k) = x*q(k) - 6*r(k). Suppose -4*c = c. What is p(c)?
2
Let r(l) = -l + 7. Let u be r(4). Let y(t) = 1 - 2*t**2 - 3 + 3*t**3 - 6*t**3 + u. What is y(-1)?
2
Let p(f) = -f**3 + 3*f**2 + f. Let n be -4 + 1 - (-9 + 5) - -2. Give p(n).
3
Let m(j) = 3*j**2 + 3*j - 3. Let c = -14 + 12. Let p be (-3 + 1)*c/2. Determine m(p).
15
Let u(t) be the second derivative of -t**4/12 + 7*t**3/6 + 3*t**2/2 + 2*t - 12. Give u(6).
9
Suppose 0 = 2*d + 2*d. Suppose -6 = -d*q + 2*q. Let j(n) = n**2. Let c(v) = 2*v**2 - v - 3. Let h(r) = q*j(r) + c(r). Give h(0).
-3
Let d(x) be the third derivative of 0*x**3 + 0*x + 0 - 1/60*x**5 + 1/6*x**4 - 1/360*x**6 + x**2. Let t(r) be the second derivative of d(r). What is t(-4)?
6
Let g(y) = -y**2 + 3*y - 3. Let k be -1 + -61*(-1)/1. Suppose 5*p - 5 = 2*w - 39, -4*p - 5*w = 14. Let z be k/14 + p/21. Calculate g(z).
-7
Suppose -4*a + 20 = 4*u, 3*a + 6 = 5*u - 11. Let k(h) = -h + 0 - a - 5. Calculate k(-4).
-2
Let r(v) = -8*v**3 - 3*v**2 + 3*v + 2. Let l(f) = -3*f**3 - f**2 + f + 1. Let c(i) = 11*l(i) - 4*r(i). Suppose 0*d = 3*d. Calculate c(d).
3
Suppose -2*m - 4 = -m - y, 0 = 4*m + 2*y - 8. Let z be 0/((40/(-12))/(-5)*3). Suppose -4*d - 3*f = 11, 5*d - 5*f - 30 + m = z. Let p(t) = -t**2 + 1. Give p(d).
0
Let n(d) = -10*d. Let r be n(-2). Suppose f - r = -4*f. Let u(i) = -i**2 + 5 - f*i - i + 2*i + 0*i. What is u(-4)?
1
Let o(j) = -j**2 - 4*j + 4. Let m be -3 + -5 + (2 - -2). Determine o(m).
4
Let f be (-7)/(-21) - 15/(-9). Let w(p) = 7*p + 45*p**2 - f*p + 2*p**3 + 1 - 41*p**2 - 3*p**3. What is w(5)?
1
Let s(t) = -3*t - 1 - 3*t**3 + 5*t**2 - 2*t + 4*t + 2*t**3. Give s(5).
-6
Let x be -3 + 4/4 + 0. Let o(m) = -m**3 - 3 - 2*m**2 - 24*m + 2 + 23*m. Give o(x).
1
Let t(g) be the first derivative of g**3/3 - 7*g**2/2 + 7*g - 7. Give t(5).
-3
Let d = -58 + 82. Suppose -2*n + 3*o = -0*o - 19, 2*n - 4*o = d. Let g be -3 - (n - 2)/(-3). Let w(l) = -2*l**2 - 4*l. Give w(g).
-6
Let t(z) be the third derivative of -z**5/60 + z**4/24 + z**3/3 + 6*z**2. Calculate t(-2).
-4
Suppose 3*a = 2*a + 5*j + 2, -1 = j. Let c = -5 + 7. Let d(t) = 0*t**2 - t**3 - t**c + 0*t**2 + 4*t. Determine d(a).
6
Let q(z) be the third derivative of z**4/24 + z**3/3 - 7*z**2. Calculate q(-4).
-2
Let a(t) be the third derivative of t**5/60 - 7*t**4/24 + 2*t**3/3 + t**2. Let d be 27/((-3)/12*2). Let b be 28/(-70) - d/10. Determine a(b).
-6
Let h(u) = -u**3 - 5*u**2 + 6*u - 5. Let s be h(-6). Suppose 5*q = 5*j - 2*j + 14, -2 = -j. Let g(i) = 3 + q*i + 0 - 4 + i**2. Give g(s).
4
Let o(v) = v**2 - 6*v - 4. Let f be o(7). Suppose -h + 3 = -5*a - 12, -f*a = -5*h + 31. Let b(u) = 2*u - 1. Determine b(h).
9
Let r = -47 + 51. Let u(t) = -t**2 + 5*t - 4. What is u(r)?
0
Let b(k) = k**3 - 4*k**2 - 3*k - 1. Let g be b(4). Let f = -18 - g. Let p(l) = -l - 3. Let o(i) = i + 3. Let d(q) = -5*o(q) - 4*p(q). Give d(f).
2
Let k(q) = -q**3 - q**2 + q + 4. Let h be (12 - 12)/(1 + 1). Calculate k(h).
4
Let a(p) be the first derivative of p**3/3 + 5*p**2/2 + 6*p + 4. Let b be a(-4). Let v(d) = 4 + 0*d**b + 1 + 3*d + 2*d**2 - 4. Give v(-2).
3
Let q(b) = 11 + 4 + b - 12. What is q(-6)?
-3
Let m(c) be the first derivative of -2*c - 2 + 0*c**2 + 2/3*c**3. Calculate m(2).
6
Let m(l) = -201 + 2*l**2 + 203 - 6*l - 3*l**2. What is m(-6)?
2
Suppose -l = 3*w + 9 - 2, 3*l = -3*w - 21. Let z(g) = -g + 1. What is z(l)?
8
Let r be (3/(-6))/((-4)/32). Let x(u) = -4*u. Calculate x(r).
-16
Let k be 1/(-3)*-3*9. Let g(s) = -2*s - 9 + k. What is g(-1)?
2
Let m(g) = -4*g**2 + 3*g. Suppose -4*o = -3*o. Suppose o = -5*p - 25, 2*v + 2*p + 0 = -4. Suppose -v = -2*n + 1. Give m(n).
-10
Let r(z) = 5 - 4*z**3 - 7*z - 3 + 6*z**2 + 3*z**3. Let w(i) = -i**3 - 4*i**2 + 2*i - 4. Let k be w(-4). Let s = 17 + k. Calculate r(s).
-8
Let l(g) = -14*g - 1. Let p be (-1)/(-2)*-4 + 3. Determine l(p).
-15
Suppose 0*q - 3 = 3*q, 1 = -h - 3*q. Suppose 5*y + 2*j + 9 = 0, -2*j - 1 = h*y + 5. Let a(b) = 2*b**3. Let z be a(y). Let g(f) = f + 2. Calculate g(z).
0
Let i(f) = 2*f**3 + 7*f**2 - 2*f**3 + f**3 + 4*f - 6. What is i(-6)?
6
Let f(m) = 2*m - 6. Let v(r) = 3*r - 4. Let g be v(3). What is f(g)?
4
Let z(i) = i**3 - 6*i**2 + 8*i - 4. Let c be z(4). Let l(r) = r**3 + 5*r**2 + r + 2. Determine l(c).
14
Let y(m) be the first derivative of -m**3/3 + 3*m**2 + 5*m - 4. Determine y(6).
5
Let d(h) = -2*h**3 + h**2 + h - 1. Suppose l + 2 = 3*l. Determine d(l).
-1
Let y(m) = -2*m**2 + m - 1. Let n(a) = a**2 - a + 1. Let b(h) = -1. Let v(g) = 2*b(g) + n(g). Let t(w) = v(w) + y(w). Calculate t(0).
-2
Let c(p) be the first derivative of p**4/4 - 2*p**3 + 5*p**2/2 - 3*p + 16. Calculate c(5).
-3
Let n(w) be the second derivative of -1/2*w**3 - w**2 + 2*w + 0. What is n(-3)?
7
Let c(f) = f**2 - 6*f - 7. Suppose -6*b = -3*b - 18. Give c(b).
-7
Let m be -6 - (-1)/(-2)*-10. Let v(w) = 6*w**3. Calculate v(m).
-6
Let t(w) = -11 - 135*w + 69*w + 65*w. Give t(-5).
-6
Let k be 2/(-9) - 29/(-9). Suppose -3*b = 5*a - 2*b + k, -6 = a + 2*b. Let x be 1*(-4)/(a - -1). Let j(p) = -3*p - 6. What is j(x)?
6
Let t(y) = y**2 + 4*y - 2. Let f(x) = x - 6. Let r be f(3). Calculate t(r).
-5
Let g(p) = -4*p + 1. Suppose 12 = 2*k - 2*z, 2*k = -z - 2 - 1. Suppose 3*l = -2*v + k, -3*l - 4 = 5*v - 2. Give g(l).
-3
Let u(z) = -z**2 + 6*z + 7. Let q(d) = 2*d - 5. Let v be q(5). What is u(v)?
12
Let v(l) be the third derivative of -l**6/120 + l**5/20 + l**4/24 - l**3/3 + 2*l**2. Let n(i) = -i**3 + 4*i**2 + 3. Let t be n(4). Give v(t).
1
Let v(b) = -b**2 - b + 1. Let c(t) = t**3 + 11*t**2 + 6*t - 4. Let u(h) = -c(h) - 6*v(h). Let i = 53 - 58. What is u(i)?
-2
Suppose -4*g + 5*g - 20 = 2*v, -50 = 5*v - 5*g. Let a(r) = -r**3 - 10*r**2 - r - 8. Give a(v).
2
Let y(q) be the second derivative of -q**6/120 - q**5/10 - q**4/4 + q**2/2 - q. Let c(z) be the first derivative of y(z). What is c(-4)?
-8
Let g(v) = -22*v**2 + 21*v**2 + 3 - 2 + 3*v. Let b(s) = -s**3 + 4*s**2 + 5*s + 3. Let o be b(5). Let n(h) = h - 5. Let j be n(o). Give g(j).
-9
Let b(j) = j + 5. Suppose -7*y = -9*y. Give b(y).
5
Let a(q) = -q - 5 + 4*q + 0*q. Calculate a(4).
7
Let n(h) = -h**2 + 4*h + 4. Let b be ((-3)/(-4))/(11/44). Determine n(b).
7
Let t(i) = -i**2 - 6*i - 3. Let a be t(-5). Suppose 4*s - a*k = 2, 2*k = s - 4*s + 5. Let d = 4 + s. Let h(q) = q**2 - 4*q. What is h(d)?
5
Let j = -206 - -212. Let u(p) = -p**3 + 7*p**2 - 3*p - 6. Give u(j).
12
Let d(t) be the third derivative of t**4/24 + 4*t**3/3 - 4*t**2. Determine d(-4).
4
Let r(w) = 3*w - 9. Let h(t) = -t + 3. Let u(i) = -17*h(i) - 6*r(i). Give u(0).
3
Suppose -2*j = -5*u, -4*j = 3*u + u. Let c(d) = d**2 - 6. What is c(u)?
-6
Suppose -2*g = -0*g - 12. Suppose g*f = 2*f - 12. Let a(j) = 2*j**2 + 5*j + 3. What is a(f)?
6
Let m(y) be the second derivative of 3*y**5/